 f + 0*f - f**2 - q*f. Give x(-4).
3
Let p(y) = -5*y + 5. Let m(g) = 2*g - 1. Let a(i) = -2*m(i) - p(i). Calculate a(0).
-3
Let v(x) = -x**2 - 10*x - 9. Let c(g) = g**2 + 12*g + 10. Let p(t) = 2*c(t) + 3*v(t). Suppose 5*n + 36 = 11. Determine p(n).
-2
Let p(u) = u**2 + 2. Let o(z) = z**2 - z + 3. Let l(r) = -2*o(r) + p(r). What is l(4)?
-12
Let h be 74/(-74) - (1 - (1 + -5)). Let f(j) = -j**3 - 7*j**2 - 7*j + 2. Give f(h).
8
Let v(j) be the third derivative of j**7/840 - j**6/180 + j**5/30 - j**4/6 + 5*j**3 + 31*j**2. Let p(l) be the first derivative of v(l). Determine p(3).
17
Let t(s) = s**2 - s. Let w be 8/36 - (-16)/9. Suppose 0 = -2*l - 3*l + 3*j + w, -5*l - 22 = 3*j. Let k be (-5)/10*(-4 + l). What is t(k)?
6
Suppose 2*g - 7 = -1. Let o(w) = 4*w - 9. Let b(d) = -d + 3. Let u be (33/(-6))/((45/(-10))/(-9)). Let y(j) = u*b(j) - 4*o(j). Calculate y(g).
-12
Let k(z) = 4*z**3 + 3 + 3*z - z**2 + 3*z - 2*z - 5*z**3. Let q be 0 + ((-28)/4 - -3). Let p be -3*(3 + 2 + q). Calculate k(p).
9
Let c(l) be the second derivative of l**4/12 - l**3 - 5*l**2/2 + 2*l - 122. Suppose -3*h + 22 = 2*h + 2*s, 24 = 2*h - 3*s. Calculate c(h).
-5
Let j = -1532 - -1537. Let l(a) = -a**2 + 2*a - 7. Calculate l(j).
-22
Let v(b) = 30*b + 118. Let r be v(-4). Let g(d) = -d**3 + d**2 - 2*d - 1. Give g(r).
15
Let s be (-3)/2 - (-1)/2. Let r(t) be the first derivative of 3*t**2/2 + 2*t - 10. Let j(m) = -13*m - 9. Let n(x) = 2*j(x) + 9*r(x). Give n(s).
-1
Let f(d) = 2*d**2 + d - 9. Let z(n) = -n**2 - n + 5. Let a(v) = -3*f(v) - 5*z(v). What is a(5)?
-13
Let k(i) = -77*i - 315. Let o be k(-4). Let q(u) = u**2 + 7*u - 11. What is q(o)?
-11
Let g(d) = -10 + d**3 + 123*d + 5 - 115*d - 6*d**2. Determine g(5).
10
Suppose -5*q - 5*g = 15, q - 3*g + 6 = -5. Let m be 0*((-27)/(-6) + -4). Let z be (m + q)*(3 - 4). Let d(a) = -a**3 + 4*a**2 + 6*a - 7. Calculate d(z).
-2
Let l(d) = -d**3 - d**2 + d + 4. Let s be l(-4). Let j(b) = -s*b - 13 + 10 + 2*b**2 + 53*b. What is j(-5)?
22
Suppose -4*p - 12 = -0. Suppose -2 = 2*l - l. Let b be -1 + p/(l + -1). Let v(r) = r**3 + r**2 - r + 1. What is v(b)?
1
Let l(o) = -9*o. Let s = -64 + 62. Let z be (-1)/((-2)/(s + 3 + 1)). What is l(z)?
-9
Let m(u) = -u**3 - 2*u**2 + 2*u - 4. Let h be m(-3). Let f(y) = 3*y + 9*y + 0*y - 14*y. Calculate f(h).
2
Let u = -181 + 145. Let b be (-3)/(-2) - 33*(-6)/u. Let x(o) = -o**2 - 4*o + 1. Calculate x(b).
1
Let y be (5 - 7)*(-3)/2. Let v be (-9)/(-6)*(-4)/y. Let l(h) = -h**3 + 3*h**2 - h. Let u(c) = c**3 + c**2 - 1. Let g(q) = v*u(q) - l(q). What is g(-5)?
-3
Let g be (8/(-12))/(1/(-3) + 0). Let h(v) = 3*v - 9. Let z(a) = -a + 1. Let s(w) = g*z(w) + h(w). What is s(8)?
1
Let h be -3*((-42)/9 + 3). Suppose -23 = h*r + 177. Let j = r + 36. Let z(k) = k**3 + 4*k**2 - k - 5. What is z(j)?
-1
Let d(y) = -2*y**2 + 6. Let q be (-2 - 3)/(8/(-8)). Give d(q).
-44
Let h(u) = 7*u. Let f(k) = -3356 + 3356 - 4*k. Let c(g) = -10*f(g) - 6*h(g). Calculate c(4).
-8
Let i(f) = f**3 + 8*f**2 - 11*f - 9. Suppose 41*s + 24 = 42*s. Suppose -25*m = -s*m + 9. Determine i(m).
9
Let x(b) = b + 1. Let v(n) be the second derivative of n**5/20 + n**4/2 - 3*n**2 + 23*n. Let y be v(-6). Give x(y).
-5
Let c(m) be the first derivative of -m**6/120 - m**5/20 - m**4/24 + m**2 - 1. Let w(u) be the second derivative of c(u). Let v = -112 - -111. Determine w(v).
-1
Let o(m) = -m**3 - m**2 + m - 1. Let p(d) = 4*d**3 + 9*d**2 - d + 7. Let w(t) = 3*o(t) + p(t). Calculate w(-5).
19
Let l(a) be the first derivative of a**4/4 + 4*a**3/3 + a**2 - a - 84. Calculate l(-4).
-9
Let t(z) be the second derivative of -z**4/12 - z**3/6 - z**2 + 33*z - 1. Calculate t(-2).
-4
Let r(d) = -2835*d**3 - 2*d + 1 + 5675*d**3 - 2823*d**3. Let n(s) = -s - 5*s - s**2 + 6 + 2*s. Let g be n(-5). What is r(g)?
16
Let i(c) = c**3 + 37*c**2 + 34*c**2 - 12*c - 30 - 84*c**2. Give i(14).
-2
Let u(p) = -2*p**3 - 3*p**2 + 3*p + 4. Let k(b) = -b**3 + 5*b**2 - 8*b + 37. Let y be k(5). Give u(y).
22
Let r(d) be the second derivative of d**5/20 + d**4/12 - d**3/2 + d**2/2 + 158*d. Calculate r(-3).
-8
Let k(h) = 3*h**2 + 3*h - 1. Let p = -304 - -306. What is k(p)?
17
Let k(z) = -14 - 22*z + 2*z**2 - z**2 - 8*z + 34*z - 14*z. Calculate k(10).
-14
Let f(l) = -3*l - 3. Let r(t) = -7*t - 7. Let b(d) = 5*f(d) - 2*r(d). Suppose u - 5 = o, 3*o + 16*u + 21 = 13*u. Calculate b(o).
5
Let f = 1139 + -1136. Let n(x) = x**2 + x - 2. Calculate n(f).
10
Let o(d) = d**3 - 6*d**2 + 4*d - 6. Let v = -1 - -8. Suppose v*j + 7 - 42 = 0. Determine o(j).
-11
Let z(y) = 17*y**3 - 7*y**2 - 10*y + 26. Let k(c) = 12*c**3 - 5*c**2 - 7*c + 17. Let x(o) = -7*k(o) + 5*z(o). What is x(0)?
11
Let n(c) be the first derivative of c**3/3 + 3*c**2 + 7*c + 3. Let m be n(-4). Let p(h) = -7*h**3 - 1. Calculate p(m).
6
Let b(q) = 95*q - 1424. Let g be b(15). Let f be (-2)/2 - -1*4. Let c(t) = 0 - 2 + f - 7*t. What is c(g)?
-6
Let z(j) = -4*j - j**2 + 4*j + 92 - 96. What is z(4)?
-20
Let g(p) = p**3 + 5*p**2 + 3*p - 24. Let s(h) = 2*h**3 + 9*h**2 + 5*h - 48. Let x(w) = 7*g(w) - 4*s(w). What is x(0)?
24
Let f(r) = 3*r. Let z(n) = n**2 - 19*n - 6. Let m(p) = -5*f(p) - z(p). Give m(5).
1
Let p = -39 - -45. Let s(y) = y. Let k(h) = -h**2 + 12*h - 3. Let m(g) = p*s(g) - k(g). Give m(2).
-5
Suppose -2*z - 10 = -2. Let m(h) = 233*h**2 - 104*h**2 - 134*h**2 - 4*h + 5*h**3 - 6*h**3. What is m(z)?
0
Suppose -37 = 15*p + 53. Let w(x) be the third derivative of x**4/12 + x**3/6 - x**2. Give w(p).
-11
Let k(w) = 2*w**2 - 13*w - 3. Let a(p) = -3*p**2 + 25*p + 6. Let j(h) = 3*a(h) + 5*k(h). Give j(-10).
3
Let v = -67 - -71. Suppose -9 = 3*x, 2*n + v*x - x = 5. Let c(k) = -k**3 + 7*k**2 - k + 2. What is c(n)?
-5
Let j(c) = 18*c - 5. Let u(m) = 6 + 12*m - 19 + 79*m - 13. Let y(h) = -26*j(h) + 5*u(h). Give y(-1).
13
Let x(n) = -3*n**2 - 2*n - 1. Suppose 49*g - 53*g - 8 = 0. What is x(g)?
-9
Let r(g) = -14*g**3 + 2*g + 1. Suppose 3*v + 3*j + 5 = -7, -2*j = 8. Suppose v*p = 3*p. Suppose p = 2*x + 5 - 3. Give r(x).
13
Let g(f) = f**2 - 8*f + 3. Let i(w) = -w**2 + 9*w - 4. Let l = -31 + 25. Let v(t) = l*g(t) - 5*i(t). Calculate v(2).
4
Let c(u) = -5*u**3 - 5*u**2 - 6*u + 3. Let y(j) = -j**2 - 2*j - 2. Let i be y(-1). Let r(g) = -2*g**3 - g + 1. Let a(v) = i*c(v) + 2*r(v). Calculate a(-4).
-1
Let y(u) be the first derivative of -u**2 - 34 + 12*u + 1/4*u**4 - 8/3*u**3. Give y(8).
-4
Let p(m) be the second derivative of m**3/6 + 8*m**2 + 38*m - 1. Determine p(-13).
3
Let s(r) be the second derivative of r**3/2 - 3*r**2/2 - 7*r + 28. Give s(-5).
-18
Suppose -2*z + 22 = -12. Let l(t) = -2*t + 0*t + t**2 + 10 - z + 5. Determine l(4).
6
Let j(x) = 13*x - 7. Let g(w) = -7*w + 4. Let q(s) = -11*g(s) - 6*j(s). Let a(v) = v**3 - 10*v - 29. Let n be a(4). Determine q(n).
3
Let g(f) = f**2. Suppose 4*h + 16 = -4*a, 3*h - 4 = -5*a - 14. Let m(z) = 4*z**2 + z. Let n(i) = h*g(i) + m(i). What is n(-1)?
-2
Let x(w) = w**2 - 5*w + 1. Let t = 2 + 2. Let o be x(t). Let r(j) be the second derivative of -2*j**3/3 - j**2 - j. Determine r(o).
10
Let f be (9/15)/((-2)/(-50)). Suppose 8*h - 5*h = f. Let v(w) = -15*w**2 + 0 - w**3 - 2 + 20*w**2. Calculate v(h).
-2
Let c(r) = r**2 + 9*r + 8. Let l(f) = 3*f + 2 - 7*f**2 - 1 + 2. Let y be l(-1). Give c(y).
-6
Suppose 0 = 4*p - 4*i + 108 - 128, -4*i + 34 = 2*p. Let x(k) = -3*k + 13. What is x(p)?
-14
Let b be (-10)/2*(-4)/(-4). Let w(c) = -2*c**2 - 9*c - 3. Calculate w(b).
-8
Suppose 2*g + 38 = -g + 5*j, 0 = 2*g + 4*j - 4. Let p(i) = i**2 + i - 1. What is p(g)?
29
Let x(q) = q**2 + 2*q - 2. Let v be ((-9)/(-6))/(-4 - (-7)/2). Let c(b) = b**3 + 3*b**2 + 2. Let k be c(v). Give x(k).
6
Let t(r) = r**2 - r - 4. Let v be ((-30)/(-7))/(4/(-28)). Let s = 33 + v. What is t(s)?
2
Suppose 0 = h + 48 - 37. Let v(c) = 9*c**3 + 18*c + 2*c**2 - 7*c + 7 - 6*c**2. Let l(x) = -5*x**3 + 2*x**2 - 6*x - 4. Let t(r) = h*l(r) - 6*v(r). Give t(-3).
-7
Suppose -83 = -5*t + 37. Suppose -5*g = 15, -2*g - 2*g = -2*z + t. Let n(k) be the third derivative of -k**5/60 + k**4/4 - 3*k**3/2 - k**2. What is n(z)?
-9
Suppose 11*b + 3 - 36 = 0. Suppose 0 = b*j - 4*j + 3. Let w(f) = f**3 - 5*f + 2. Calculate w(j).
14
Let t(j) = -6*j - 1. Let i = 18 + -24. Let k(p) = -7*p - 2. Let y(w) = i*t(w) + 5*k(w). Calculate y(3).
-1
Suppose 0*s = -3*s + 15. Let z(f) = -f**2 + 